{"id":73,"date":"2024-06-18T20:49:16","date_gmt":"2024-06-18T18:49:16","guid":{"rendered":"http:\/\/192.168.2.16\/?page_id=73"},"modified":"2025-02-08T20:01:08","modified_gmt":"2025-02-08T19:01:08","slug":"winterprogramm","status":"publish","type":"page","link":"https:\/\/www.skiclub-emmering.de\/?page_id=73","title":{"rendered":"Winterprogramm"},"content":{"rendered":"\n<h1 class=\"wp-block-heading\"><strong><em>Servus, liebe Mitglieder und Freunde des Ski-Club Emmering,<\/em><\/strong><\/h1>\n\n\n\n<p><strong><em>Nun starten wir in den neuen Skiwinter! Mit allen Angeboten, die man von uns seit Jahren gewohnt ist.<\/em><\/strong><\/p>\n\n\n\n<p><strong><em>Neue G\u00e4ste<\/em><\/strong><em>&nbsp;werden bei uns kompetent betreut, damit sie schnell in unserer Skifahrer-Familie Anschluss finden.<\/em><\/p>\n\n\n\n<p><em>Das&nbsp;<strong>Skifahren in der Gruppe<\/strong>&nbsp;liegt uns besonders am Herzen und geh\u00f6rt bei uns zum Standard.<\/em><\/p>\n\n\n\n<p><strong><em>Singles<\/em><\/strong><em>&nbsp;oder Teile einer Familie, in der die anderen nicht Ski fahren, sind bei uns gut aufgehoben. Oft haben sich bei uns&nbsp;<strong>neue Freunde&nbsp;<\/strong>gefunden.<\/em><\/p>\n\n\n\n<p><strong><em>Die Jugend kommt bei uns auch nicht zu kurz.<\/em><\/strong><em>&nbsp;F\u00fcr Euch haben wir wieder Skiziele herausgepickt, in denen Ihr besondere finanzielle Vorteile genie\u00dft.&nbsp;<strong>Nutzt es aus!<\/strong><\/em><\/p>\n\n\n\n<p><em>Lest unser Magazin, das in zahlreichen Gesch\u00e4ften ausliegt, aufmerksam durch.&nbsp;Es ist bestimmt f\u00fcr jeden etwas dabei. Lasst Euch<\/em> <em>von unseren Angeboten animieren und werdet durch uns zu begeisterten Skifahrern.<\/em><\/p>\n\n\n\n<p><em><strong>Es ist schon klar \u2013 privat mit dem Auto, da ist man unabh\u00e4ngig<\/strong><\/em><\/p>\n\n\n\n<p><em>Aber mit uns im Bus, da kannst Du in der Fr\u00fch noch den Schlaf verl\u00e4ngern. Mit kalten Getr\u00e4nken werden wir vom Busfahrer versorgt.<\/em><\/p>\n\n\n\n<p><em>Oder Du findest sofort Kontakt zu anderen Skifahrern. Du kannst gem\u00fctlich die R\u00fcckreise antreten, wenn Du vom Skifahren ausgepowert bist. Ein eventueller Stau auf der Stra\u00dfe interessiert Dich nicht, denn Du hast ja Unterhaltung genug.<\/em><\/p>\n\n\n\n<p><\/p>\n\n\n\n<p><em><strong>Euer Skiclub-Team<\/strong><\/em><\/p>\n\n\n\n<h3 class=\"wp-block-heading\"><em>Grenzenloses Skivergn\u00fcgen mit dem Skiclub Emmering<\/em><\/h3>\n","protected":false},"excerpt":{"rendered":"<p>Servus, liebe Mitglieder und Freunde des Ski-Club Emmering, Nun starten wir in den neuen Skiwinter! Mit allen Angeboten, die man von uns seit Jahren gewohnt&hellip;<\/p>\n","protected":false},"author":1,"featured_media":0,"parent":0,"menu_order":0,"comment_status":"closed","ping_status":"closed","template":"","meta":{"_acf_changed":false,"footnotes":""},"class_list":["post-73","page","type-page","status-publish","hentry"],"acf":[],"_links":{"self":[{"href":"https:\/\/www.skiclub-emmering.de\/index.php?rest_route=\/wp\/v2\/pages\/73","targetHints":{"allow":["GET"]}}],"collection":[{"href":"https:\/\/www.skiclub-emmering.de\/index.php?rest_route=\/wp\/v2\/pages"}],"about":[{"href":"https:\/\/www.skiclub-emmering.de\/index.php?rest_route=\/wp\/v2\/types\/page"}],"author":[{"embeddable":true,"href":"https:\/\/www.skiclub-emmering.de\/index.php?rest_route=\/wp\/v2\/users\/1"}],"replies":[{"embeddable":true,"href":"https:\/\/www.skiclub-emmering.de\/index.php?rest_route=%2Fwp%2Fv2%2Fcomments&post=73"}],"version-history":[{"count":4,"href":"https:\/\/www.skiclub-emmering.de\/index.php?rest_route=\/wp\/v2\/pages\/73\/revisions"}],"predecessor-version":[{"id":631,"href":"https:\/\/www.skiclub-emmering.de\/index.php?rest_route=\/wp\/v2\/pages\/73\/revisions\/631"}],"wp:attachment":[{"href":"https:\/\/www.skiclub-emmering.de\/index.php?rest_route=%2Fwp%2Fv2%2Fmedia&parent=73"}],"curies":[{"name":"wp","href":"https:\/\/api.w.org\/{rel}","templated":true}]}}