{"id":79,"date":"2024-06-18T20:52:58","date_gmt":"2024-06-18T18:52:58","guid":{"rendered":"http:\/\/192.168.2.16\/?page_id=79"},"modified":"2024-06-18T21:22:47","modified_gmt":"2024-06-18T19:22:47","slug":"wir-ueber-uns","status":"publish","type":"page","link":"https:\/\/www.skiclub-emmering.de\/?page_id=79","title":{"rendered":"Wir \u00fcber uns"},"content":{"rendered":"\n<h3 class=\"wp-block-heading\">Ski-Club Emmering e. V. 1980 &#8211; 2020<\/h3>\n\n\n\n<p>Der&nbsp;<strong>Ski-Club Emmering e. V.<\/strong>&nbsp;kann auf eine&nbsp;<strong>40-j\u00e4hrige Geschichte<\/strong>&nbsp;zur\u00fcckblicken.<\/p>\n\n\n\n<p>Emmering ist ein Ort von \u00fcber 6000 Einwohnern, liegt ungef\u00e4hr 20 km westlich von M\u00fcnchen und grenzt direkt an die Kreisstadt F\u00fcrstenfeldbruck.<\/p>\n\n\n\n<h3 class=\"wp-block-heading\">Aufbau in der Gr\u00fcnderzeit<\/h3>\n\n\n\n<p>Der Initiator, in Emmering einen Ski-Club zu gr\u00fcnden, war der begeisterte Skifahrer Norbert Langosch. Er und die Mitbegr\u00fcnder im Jahre 1980 waren alle, was Organisation und F\u00fchrung eines Vereins anbelangt, Laien. Sie konnten nur gut Ski fahren und 2 Skilehrer aus der damaligen &#8220;Amper-Skischule&#8221;, die es heute nicht mehr gibt, griffen ihnen tatkr\u00e4ftig unter die Arme.<\/p>\n\n\n\n<p>Der Verein trat nach reiflichen \u00dcberlegungen und vorangegangenen Verhandlungen als Abteilung dem FC Emmering bei. Gleichzeitig baute die neue Abteilung des Emmeringer Fu\u00dfballvereins sofort eine DSV-Skischule mit bis zu 11 Skilehrern auf, f\u00f6rderte Kinder im Rahmen des Leistungssport (Renntraining) und hatte eine sehr aktive AH-Rennmannschaft unter Leitung des heute noch aktiven Senioren-Skirennl\u00e4ufers Hans Sch\u00e4ffer. 1988 richtete der Verein die alpine Kreismeisterschaft des Landkreises F\u00fcrstenfeldbruck mit 250 Teilnehmern ohne Probleme aus. In den Wintermonaten Dezember bis M\u00e4rz fanden die Skitagesfahrten und die Wochenendfahrten bei der Bev\u00f6lkerung gro\u00dfen Anklang.<\/p>\n\n\n\n<h3 class=\"wp-block-heading\">Krisenzeit<\/h3>\n\n\n\n<p>Ab ungef\u00e4hr 1990 und in den darauffolgenden Jahren hatte der Ski.Club Emmering eine Krisenzeit zu bew\u00e4ltigen. Die Skischule musste abgebaut und dann ganz eingestellt werden. Auch das Interesse am Rennsport kam ganz zum Erliegen. Die Busfahrten konnten nur noch schwer gef\u00fcllt werden. Nur die Wochenendfahrten, jeweils am Ende der Saison, bereiteten dank attraktiver Ziele keine Probleme. Schneearme Winter taten noch ein \u00dcbriges dazu und gleichzeitig litt der Verein an Mitgliederschwund.<\/p>\n\n\n\n<h3 class=\"wp-block-heading\">Neuanfang<\/h3>\n\n\n\n<p>Da der Ski-Club als Abteilung trotzdem in der \u00d6ffentlichkeit wie ein eigenst\u00e4ndiger Verein auftrat, war es nur eine Frage der Zeit, um den Schritt in die Selbst\u00e4ndigkeit zu tun. Am 27. November 1997 wurde der neue Ski-Club Emmering gegr\u00fcndet. Mit der Selbst\u00e4ndigkeit begann ein neues Aufbl\u00fchen. Ein neues Konzept wurde von der neuen Vorstandschaft erarbeitet. Und es hatte Erfolg. Die \u00d6ffentlichkeitsarbeit wurde intensiviert, auf die gestalterische Aufmachung der Vereinszeitung wurde noch mehr Gewicht gelegt. Die Angebotsinhalt wurden durch neue Idee wesentlich attraktiver. Viele Mitglieder traten mit einheitlichem Outfit in der \u00d6ffentlichkeit auf. Neu war auch, dass der Verein jedes Jahr am F\u00fcrstenfeldbrucker Marktsonntag mit einem Stand auftrat und dort sein jeweils neues Programm vorstellte. Bis heute ist diese Einrichtung ein Bestandteil der Vorbereitung der jeweiligen Saison. Das Hauptkonzept des Ski-Club Emmering ist der Freizeit- und Breitensport ohne Leistungszwang, wobei die Geselligkeit eine wichtige Rolle spielt unter dem Slogan &#8220;Skifahren mit Herz&#8221;.<\/p>\n\n\n\n<p><\/p>\n\n\n<div class=\"wp-block-image\">\n<figure class=\"aligncenter size-full\"><img loading=\"lazy\" decoding=\"async\" width=\"370\" height=\"272\" src=\"http:\/\/2024.skiclub-emmering.de\/wp-content\/uploads\/2024\/06\/sec_logo_herz.jpg\" alt=\"\" class=\"wp-image-81\" srcset=\"https:\/\/www.skiclub-emmering.de\/wp-content\/uploads\/2024\/06\/sec_logo_herz.jpg 370w, https:\/\/www.skiclub-emmering.de\/wp-content\/uploads\/2024\/06\/sec_logo_herz-300x221.jpg 300w\" sizes=\"auto, (max-width: 370px) 100vw, 370px\" \/><\/figure><\/div>\n\n\n<h3 class=\"wp-block-heading\">Neuzeit<\/h3>\n\n\n\n<p>Durch Vorstandsteams, die immer \u00fcber l\u00e4ngere Zeit in Harmonie Bestand hatten, war es m\u00f6glich, neue Angebote zu entwickeln. So wurde in den zur\u00fcckliegenden Jahren eine Cooperation mit &#8220;Walters Skischule&#8221; intensiv gepflegt. Mitglieder absolvierten erfolgreich DSV-\u00dcbungsleiterausbildungen, um die Jugendarbeit zu pflegen. Kinder- und Jugendskitage wurden installiert, um Kinder und Jugendliche an den Verein heran zu f\u00fchren. Ortskundige Skiguids f\u00fchren an den Skitagen Teilnehmer durch das Skigebiet. Durch die Ausbildung eines DSV-Skitouren-\u00dcbungsleiters kann der Verein auch Skitouren anbieten. Inzwischen hat der Ski-Club an den Wochenendfahrten nahezu alle attraktiven Skigebiet in den Alpen besucht<\/p>\n\n\n\n<p>Die Popularit\u00e4t des Vereins ist jetzt weit \u00fcber die Landkreisgrenzen hinaus enorm gestiegen. Dies ist auch zum gro\u00dfen Teil vielen Mitgliedern zu verdanken, die tatkr\u00e4ftig mitarbeiten. Der Begr\u00fcnder, Norbert Langosch, f\u00fchrt den Verein noch heute \u00fcber jetzt 31 Jahre ununterbrochen und unangefochten. Durch seine Berufung als Referent f\u00fcr Publizistik im M\u00fcnchner Skiverband geniest der Ski-Club Emmering auch hier gro\u00dfes Ansehen.<\/p>\n\n\n\n<h3 class=\"wp-block-heading\">Rund um den Skisport herum<\/h3>\n\n\n\n<p>Auch in den Sommermonaten hat der Ski-Club Emmering ein sehr aktives Programm. Neben Fahrradausfl\u00fcgen werden jedes Wochenende Bergtouren unternommen. Selbstverst\u00e4ndlich ist der Ski-Club jedes Jahr auch bei der traditionellen Bergmesse des M\u00fcnchner Skiverbandes auf der Firstalm vertreten. Da Vorstand Norbert Langosch nebenbei auch noch Volksmusik betreibt, wird jedes Jahr ein Wander- und Musikantenausflug auf eine H\u00fctte in den Bergen veranstaltet, bei dem Volksmusikanten des Emmeringer Musikantenstammtisches mitwirken. Dank der gro\u00dfen Resonanz mu\u00df hier ein Bus eingesetzt werden. So unterst\u00fctzt der Verein damit auch noch die bayerische Volkstums-Tradition.<\/p>\n","protected":false},"excerpt":{"rendered":"<p>Ski-Club Emmering e. V. 1980 &#8211; 2020 Der&nbsp;Ski-Club Emmering e. V.&nbsp;kann auf eine&nbsp;40-j\u00e4hrige Geschichte&nbsp;zur\u00fcckblicken. Emmering ist ein Ort von \u00fcber 6000 Einwohnern, liegt ungef\u00e4hr 20&hellip;<\/p>\n","protected":false},"author":1,"featured_media":0,"parent":0,"menu_order":0,"comment_status":"closed","ping_status":"closed","template":"","meta":{"_acf_changed":false,"footnotes":""},"class_list":["post-79","page","type-page","status-publish","hentry"],"acf":[],"_links":{"self":[{"href":"https:\/\/www.skiclub-emmering.de\/index.php?rest_route=\/wp\/v2\/pages\/79","targetHints":{"allow":["GET"]}}],"collection":[{"href":"https:\/\/www.skiclub-emmering.de\/index.php?rest_route=\/wp\/v2\/pages"}],"about":[{"href":"https:\/\/www.skiclub-emmering.de\/index.php?rest_route=\/wp\/v2\/types\/page"}],"author":[{"embeddable":true,"href":"https:\/\/www.skiclub-emmering.de\/index.php?rest_route=\/wp\/v2\/users\/1"}],"replies":[{"embeddable":true,"href":"https:\/\/www.skiclub-emmering.de\/index.php?rest_route=%2Fwp%2Fv2%2Fcomments&post=79"}],"version-history":[{"count":4,"href":"https:\/\/www.skiclub-emmering.de\/index.php?rest_route=\/wp\/v2\/pages\/79\/revisions"}],"predecessor-version":[{"id":557,"href":"https:\/\/www.skiclub-emmering.de\/index.php?rest_route=\/wp\/v2\/pages\/79\/revisions\/557"}],"wp:attachment":[{"href":"https:\/\/www.skiclub-emmering.de\/index.php?rest_route=%2Fwp%2Fv2%2Fmedia&parent=79"}],"curies":[{"name":"wp","href":"https:\/\/api.w.org\/{rel}","templated":true}]}}